= k + t. What is the units digit of d?
5
Let m(k) = -k**2 - 5*k - 5. Let u be m(-5). Let p = 9 + u. What is the units digit of p?
4
Suppose -559 - 393 = -7*x. What is the units digit of x?
6
Let x be (-1)/(-2 + 1)*1. Suppose -a = 4 - x. What is the tens digit of -2*a/(-6) - -13?
1
Let d = -10 + 10. Suppose d = -u + 2, 5*u - 3 = 3*m - 2. Suppose m*h - 34 = h. What is the units digit of h?
7
Let m(y) = 2*y**2 + 13*y + 2. Let w(u) = -3*u**2 - 14*u - 1. Let d(f) = 4*m(f) + 3*w(f). What is the units digit of d(9)?
4
Suppose 4*y = 4*u - u + 71, 3*y = 2*u + 49. Let s = u + 34. What is the tens digit of s?
1
Let k be ((-12)/(-8))/((-3)/(-4)). Suppose -2*j - k*j = -5*m, 4*j = m + 16. Suppose j*w = -0*w + 10. What is the units digit of w?
2
Let x = -178 - -324. What is the tens digit of x?
4
Let p(f) = -12*f - 45. Let n(b) = -18*b - 67. Let o(v) = -5*n(v) + 8*p(v). What is the tens digit of o(-10)?
3
What is the tens digit of (1/3)/((-2)/(-390)) + -1?
6
Let g be -1*1/(-3)*0. Let z = g - -3. What is the units digit of z?
3
Suppose 2*u - 3*u = -a - 42, 5*a + 116 = 3*u. Let o = -8 - -10. Suppose 4*i - u = i - y, 53 = o*i + 5*y. What is the units digit of i?
4
Suppose 3*l + 45 = 132. Let m = l - 17. Suppose 5*a - 4*a = m. What is the units digit of a?
2
Let i(g) = g**3 + 2*g**2 - 2*g - 7. What is the tens digit of i(4)?
8
What is the tens digit of 2/(-3) + ((-5885)/(-15))/11?
3
What is the hundreds digit of 32/8 + 3*33?
1
Let s be (2 - (8 - 2))/2. What is the units digit of (-2 + 3 + s)/(-1)?
1
Suppose -15 = -3*j + 5*u - 3, -4*u + 20 = 5*j. Suppose j*d + 2 = 18. What is the units digit of d?
4
Suppose -i - 3*u = 5, i - u - 4*u = 19. What is the tens digit of (10/i)/(6/36)?
1
Let c = -181 + 553. What is the tens digit of c?
7
Suppose 0 = 5*a + 79 - 204. What is the units digit of a?
5
Let i(k) = k**3 + 8*k**2 - 10*k + 5. What is the units digit of i(-8)?
5
Let g(a) = -a**2 + 10*a - 3. Let f be g(4). Suppose -12 = 3*d, q - d - f = 3*d. Suppose 0 = -q*l + 3*p + 37, 5*p + 21 = l + p. What is the units digit of l?
5
Suppose 4*b - 7*b + 144 = 0. What is the units digit of b?
8
Let v be 10/20 - 6/(-4). Suppose 0 = -u + 4*i - 5*i + 19, v*u - 3*i = 18. What is the units digit of u?
5
Suppose 0 = 3*u, 3*m = -u + 4*u + 123. What is the units digit of m?
1
Suppose -2*l - 2*l = 0. Suppose 3*m = -6, l = -2*p + m + m + 52. What is the tens digit of p?
2
Let f(x) = 2*x**2 - 4*x. Let y(q) = q**3 + 2*q**2 - q + 1. Let d(w) = w + 1. Let r be d(-3). Let u be y(r). What is the units digit of f(u)?
6
Suppose -3*h = -6*h + 609. What is the hundreds digit of h?
2
Suppose 0 = -2*q + 7*q - 150. What is the tens digit of q?
3
Let k = 0 - -5. Suppose -5*m + 2*a - 3*a + 37 = 0, -39 = -3*m + k*a. Suppose -4*y + 0 = -m. What is the units digit of y?
2
Let l = 0 + 0. Suppose -4*t - 8 = -l*t. What is the units digit of 79/7 + t/7?
1
Let j be 12/30 - (-57)/(-5). Let x = 12 + j. What is the units digit of x?
1
Suppose 7*n = 3*n + 8. Suppose 3*u = n*u. Suppose u = -2*d + 5*q - 13 + 32, -4*q - 4 = 0. What is the units digit of d?
7
Suppose 2057 + 1386 = 11*w. What is the hundreds digit of w?
3
Let z = 29 + 30. Let x = z - 37. Let t = x + -13. What is the units digit of t?
9
Suppose 5*c = c + 4. Let r = c - -1. What is the units digit of (-69)/(-9) - r/(-6)?
8
Suppose 3*w + 8*w = 957. What is the units digit of w?
7
Suppose 0 = -3*k + 13 + 2. Suppose -3*r - 187 = -0*f - k*f, -4*r = -4. What is the tens digit of f?
3
Let u be (3/2)/((-7)/(-14)). Suppose -i - 4*q = -36, -u*i + 122 = -q - q. What is the units digit of i?
0
Let z(v) = -v**3 + 2*v**2. Let m be z(1). Let n be (m/(-2))/(6/(-48)). Suppose n = 2*a - 4*x, -3*x - 2 = -a - 0*x. What is the units digit of a?
2
Let r(t) = 25*t**2 - 1. What is the tens digit of r(2)?
9
Let y = -8 + 10. Let t = y + 11. Let k = t + -6. What is the units digit of k?
7
Suppose 2*a = -4, 0 = -2*t + 4*t - 2*a - 16. Suppose t*z - z - 15 = 0, 3*s = 5*z + 129. What is the tens digit of s?
4
Let n(b) = -b**2 + 7*b - 3. Let a be 2 - -1 - (0 - 2). What is the units digit of n(a)?
7
Let o(y) = -y + 13. Let q be o(0). Let c(h) = -4*h + 8. Let m be c(-7). Suppose -5*n = -2*w + m, 2*w - 3*n - 19 = q. What is the tens digit of w?
1
Let p(x) = x**3 + 9*x**2 + 6*x + 9. Let i be p(-8). What is the units digit of ((-30)/i)/(3/(-10))?
4
Let a(x) = 6*x - 4. Let i be a(-3). Let b = 1 + i. What is the units digit of b/(-27) + (-2)/(-9)?
1
Suppose -6 = -3*x, -n - x + 52 = n. What is the units digit of n?
5
Let y(n) = -n**3 - n**2 + n + 3. Let f be y(0). Suppose -2*p = i - 9, f*p = 6*p - 2*i - 10. Let l(w) = 3*w - 2. What is the units digit of l(p)?
0
Let r(d) = -d**3 + 12*d**2 - 13*d - 9. What is the tens digit of r(10)?
6
Suppose -6*h + 735 = -15. What is the hundreds digit of h?
1
Suppose -73 = -5*n - 3*j, -n + 45 = 2*n + 3*j. What is the units digit of n?
4
Let u(p) = -2*p + 4 - 6 + 3*p. Let r = 3 - -2. What is the units digit of u(r)?
3
Let d be 4/18 - 250/(-9). Let q = -16 + d. What is the tens digit of q?
1
Let z be (-7 - -4) + (-17)/(-1). Suppose -z = -3*c + 10. What is the units digit of c?
8
Suppose 2232 = 15*y - 3063. What is the hundreds digit of y?
3
Let x be ((-6)/3 + 2)/(-1). Suppose x = 2*y - 35 + 5. What is the units digit of y?
5
Suppose 3*k + 4 = 5*k. What is the units digit of k?
2
Let q(k) = -11*k - 2 + 1 + 14*k. What is the units digit of q(3)?
8
What is the tens digit of (3 + (-22)/6)*129/(-1)?
8
Suppose 2*x + 15 = 5*y + 3*x, -31 = -4*y + 3*x. Suppose 5 + y = 3*q. What is the units digit of q?
3
Let g(q) = 10*q**3 + 23*q**2 - 31*q + 22. Let x(i) = 3*i**3 + 8*i**2 - 10*i + 7. Let r(b) = 2*g(b) - 7*x(b). What is the units digit of r(-11)?
8
Let b be (148/(-6))/(4/(-6)). Let x = b - 21. What is the units digit of x?
6
Let o(a) = 4*a**3 - 2*a**2 - 8*a + 14. What is the units digit of o(4)?
6
Let j = -19 + 9. Let m be ((-26)/6)/((-6)/36). Let o = m + j. What is the tens digit of o?
1
Suppose 0 = 5*h + 4*s + 16, 2*s = h - 1 - 7. Let a = h + 5. Suppose a = j, 0 = c - 3*j - 2 + 11. What is the units digit of c?
6
Let w = -94 - -224. What is the hundreds digit of w?
1
Let k = -83 + 161. What is the units digit of k?
8
Let p be (-26)/(2/(-3)*3). Suppose j = -4*q + 3*j + 30, 2*q - 5*j - 35 = 0. Suppose -q*z + 27 = -p. What is the units digit of z?
8
Suppose 15*n = 12*n + 9. What is the units digit of n?
3
Let z be (-4)/(-6)*3 + 1. Suppose -z*n = -3*x - 30, 5*n - x = 2*x + 54. What is the tens digit of n?
1
Suppose 5*w - 290 + 50 = 0. What is the units digit of w?
8
What is the units digit of (-12 - -124) + (-8)/(-2)?
6
What is the units digit of (-39 + 5 + -7)/(1*-1)?
1
Suppose -2650 = -15*h + 2900. What is the hundreds digit of h?
3
Suppose 27 = -2*b + 5*g, 2*b + 2*g - 5 = -3*b. What is the units digit of b*2 - (-13 - -3)?
8
Let d(w) = -w**2 + 8*w + 3. Let l be d(7). Suppose -4*y = 3*n + 13, -8 - 4 = 4*n. Let h = l - y. What is the tens digit of h?
1
Suppose -175 = 3*b - 1192. What is the hundreds digit of b?
3
Suppose -3*c + 12 = 0, -2*v - 4*c + 34 = -4*v. What is the tens digit of v/(-6) + 47/2?
2
Let n(u) = -34*u - 1. What is the units digit of n(-1)?
3
Let y(d) = -d**2 - 25*d - 15. What is the units digit of y(-13)?
1
Suppose -70 = -5*v - 20. What is the tens digit of v?
1
Suppose 5*u - 54 = 106. Suppose 3*i - 3*s = 11 - u, 5*i + 25 = -5*s. What is the units digit of -6*6*i/27?
8
Suppose 3*l - 3*s = s - 64, 3*s + 6 = 0. What is the units digit of (l/(-15))/(2/5)?
4
Let h(l) = -3*l. Let p be h(-1). Let v(x) = x + x + x - 1. What is the units digit of v(p)?
8
Let t(q) = -2*q**2 + 7*q + 3. Let g be t(6). What is the tens digit of (4/(-6))/(1/g)?
1
Let b(m) = 17*m. What is the tens digit of b(1)?
1
Let v = 114 + -36. Let b = -7 + 15. What is the units digit of (-9)/12 + v/b?
9
Let h(t) = t**2 + 10*t + 9. Let p be h(-6). Let u = -8 - p. Suppose 0 = 4*s - 2*r + u*r - 8, 4 = 2*s + 5*r. What is the units digit of s?
2
Let c(l) = -l**2 - l + 2. Let g = 0 + -2. Let b be c(g). Suppose -z - z + 14 = b. What is the units digit of z?
7
Let x(i) be the second derivative of i**5/20 + 5*i**4/12 - 3*i**3/2 - 4*i**2 + 3*i. Suppose -3*v - 17 - 1 = 0. What is the units digit of x(v)?
0
Let r be (-1)/1 + 1 + 1. Suppose -j + 4 = r. Suppose -2*f + 5 = j*f. What is the units digit of f?
1